t are the prime factors of 2529956734?
2, 229, 1297, 4259
List the prime factors of 160304443.
13, 948547
List the prime factors of 85144438.
2, 1153, 36923
List the prime factors of 99676267.
439, 227053
What are the prime factors of 130717049?
31, 263, 16033
List the prime factors of 1235839800.
2, 3, 5, 13, 19, 31, 269
List the prime factors of 6067311199.
173, 199, 176237
What are the prime factors of 1941456904?
2, 5449, 44537
What are the prime factors of 79209489?
3, 37, 713599
What are the prime factors of 44468806?
2, 22234403
List the prime factors of 2135506906.
2, 13, 82134881
What are the prime factors of 102384926?
2, 7, 367, 19927
What are the prime factors of 851654228?
2, 277, 768641
What are the prime factors of 15273552?
2, 3, 7, 131, 347
List the prime factors of 713425044.
2, 3, 59452087
List the prime factors of 25466979.
3, 8488993
List the prime factors of 57595074.
2, 3, 137, 70067
What are the prime factors of 84778508?
2, 21194627
What are the prime factors of 757805035?
5, 13, 23, 506893
What are the prime factors of 2685139424?
2, 11, 53, 163, 883
List the prime factors of 40515253.
40515253
List the prime factors of 1370572661.
32933, 41617
List the prime factors of 2343215428.
2, 29, 20200133
List the prime factors of 1496730331.
2683, 557857
List the prime factors of 17889214.
2, 7, 277, 659
What are the prime factors of 259433596?
2, 64858399
List the prime factors of 3713586289.
7, 37, 2741, 5231
List the prime factors of 2284389816.
2, 3, 757, 125737
List the prime factors of 920567088.
2, 3, 7, 23, 59, 673
List the prime factors of 37116355.
5, 17, 83, 5261
List the prime factors of 71426193.
3, 73, 326147
List the prime factors of 2527209802.
2, 13, 233, 417169
List the prime factors of 1448993691.
3, 17, 47, 439
What are the prime factors of 630782034?
2, 3, 71, 1480709
List the prime factors of 77093582.
2, 43, 541, 1657
List the prime factors of 652103396.
2, 7, 29, 359, 2237
List the prime factors of 1428615705.
3, 5, 11, 8658277
List the prime factors of 1597960229.
53, 661, 45613
List the prime factors of 554388565.
5, 89, 1245817
What are the prime factors of 538987622?
2, 727, 370693
What are the prime factors of 24897029?
24897029
List the prime factors of 368690008.
2, 157, 293543
List the prime factors of 4740441976.
2, 17, 41, 419, 2029
What are the prime factors of 409138352?
2, 7, 23, 71, 2237
List the prime factors of 354131070.
2, 3, 5, 37, 319037
List the prime factors of 504740909.
19, 26565311
List the prime factors of 730171460.
2, 5, 41, 53, 317
List the prime factors of 85804171.
19, 293, 15413
What are the prime factors of 3391937273?
3391937273
What are the prime factors of 96102952?
2, 11, 179, 6101
What are the prime factors of 2366369718?
2, 3, 569, 693137
List the prime factors of 1711795516.
2, 23, 71, 503, 521
What are the prime factors of 3177178817?
1993, 1594169
What are the prime factors of 1687460809?
311, 1669, 3251
What are the prime factors of 7322885644?
2, 20507, 89273
What are the prime factors of 11002004?
2, 13, 23, 9199
What are the prime factors of 4599405055?
5, 7, 31, 139, 30497
List the prime factors of 133716370.
2, 5, 233, 57389
What are the prime factors of 3344603291?
173, 19332967
What are the prime factors of 354437318?
2, 17, 457, 22811
What are the prime factors of 4970336159?
43, 449, 257437
What are the prime factors of 128094108?
2, 3, 31, 149, 2311
What are the prime factors of 164177801?
823, 199487
What are the prime factors of 62717123?
7, 31, 289019
What are the prime factors of 33976366?
2, 16988183
What are the prime factors of 729906439?
31, 23545369
What are the prime factors of 106001495?
5, 3023, 7013
What are the prime factors of 1167006775?
5, 11, 23, 307, 601
What are the prime factors of 82164518?
2, 41082259
List the prime factors of 28378949.
28378949
List the prime factors of 81410870.
2, 5, 8141087
What are the prime factors of 94274218?
2, 47137109
List the prime factors of 292356942.
2, 3, 48726157
What are the prime factors of 668264840?
2, 5, 541, 30881
What are the prime factors of 237304588?
2, 59326147
What are the prime factors of 372489152?
2, 7, 839, 991
List the prime factors of 37440621.
3, 19, 373, 587
List the prime factors of 66762216.
2, 3, 457, 2029
What are the prime factors of 870563780?
2, 5, 43528189
List the prime factors of 3562417195.
5, 223, 509, 6277
List the prime factors of 1569526646.
2, 5419, 144817
List the prime factors of 52129329.
3, 7, 2482349
What are the prime factors of 2146636877?
7, 11, 41, 679961
List the prime factors of 1587286263.
3, 59, 8967719
List the prime factors of 462742209.
3, 51415801
List the prime factors of 239789061.
3, 31, 859459
What are the prime factors of 398630929?
2389, 166861
List the prime factors of 3511811964.
2, 3, 79, 3704443
List the prime factors of 140552329.
19, 7397491
List the prime factors of 19754196.
2, 3, 7, 11, 21379
What are the prime factors of 80280146?
2, 40140073
List the prime factors of 332669760.
2, 3, 5, 47, 73, 101
List the prime factors of 396838576.
2, 24802411
List the prime factors of 66746604.
2, 3, 5562217
What are the prime factors of 457645185?
3, 5, 17, 598229
List the prime factors of 780492407.
780492407
List the prime factors of 88645939.
17, 5214467
What are the prime factors of 38060898?
2, 3, 6343483
What are the prime factors of 1269235554?
2, 3, 211539259
List the prime factors of 71173545.
3, 5, 359, 13217
List the prime factors of 141471800.
2, 5, 707359
List the prime factors of 473833874.
2, 9319, 25423
List the prime factors of 234051.
3, 78017
List the prime factors of 65114198.
2, 31, 1050229
What are the prime factors of 18173357?
17, 59, 18119
List the prime factors of 895266828.
2, 3, 101, 246223
What are the prime factors of 44814472?
2, 709, 7901
List the prime factors of 18711018.
2, 3, 61, 17041
List the prime factors of 11495475.
3, 5, 19, 2689
What are the prime factors of 16357422?
2, 3, 2726237
What are the prime factors of 30266146?
2, 113, 157, 853
List the prime factors of 2617367682.
2, 3, 29, 2137, 7039
What are the prime factors of 58504904?
2, 7313113
What are the prime factors of 293891675?
5, 7, 11, 152671
List the prime factors of 73943078.
2, 11, 3361049
What are the prime factors of 225041388?
2, 3, 11, 13, 131143
List the prime factors of 381814519.
19, 20095501
What are the prime factors of 68491221?
3, 113, 281, 719
What are the prime factors of 28027434?
2, 3, 773, 6043
List the prime factors of 67338149.
67, 83, 12109
What are the prime factors of 312465342?
2, 3, 7, 7439651
List the prime factors of 343965337.
67, 953, 5387
List the prime factors of 146849184.
2, 3, 443, 1151
What are the prime factors of 492583966?
2, 7, 29, 353, 491
What are the prime factors of 29751363?
3, 41, 80627
List the prime factors of 1921703377.
11, 19, 857, 10729
What are the prime factors of 52041578?
2, 26020789
What are the prime factors of 63405404?
2, 631, 25121
List the prime factors of 33722129.
7, 1777, 2711
List the prime factors of 1436922.
2, 3, 79829
What are the prime factors of 1832842626?
2, 3, 761, 401411
List the prime factors of 1049996882.
2, 11, 4481, 10651
What are the prime factors of 55677026?
2, 193, 144241
List the prime factors of 34570299.
3, 17, 367, 1847
What are the prime factors of 54115552?
2, 499, 3389
List the prime factors of 78896511.
3, 59, 5503
List the prime factors of 1859662.
2, 7, 132833
List the prime factors of 15007769.
7, 61, 5021
List the prime factors of 41930894.
2, 20965447
List the prime factors of 3050002406.
2, 11, 138636473
What are the prime factors of 1978222055?
5, 16651, 23761
What are the prime factors of 102962006?
2, 7, 29, 253601
What are the prime factors of 1029911922?
2, 3, 13, 61, 8017
What are the prime factors of 40503051?
3, 1500113
List the prime factors of 164252222.
2, 1087, 75553
What are the prime factors of 1454529467?
307, 313, 15137
What are the prime factors of 411786628?
2, 11, 9358787
List the prime factors of 93060742.
2, 863, 53917
What are the prime factors of 107994206?
2, 6781, 7963
List the prime factors of 87913275.
3, 5, 257, 4561
What are the prime factors of 39267616?
2, 197, 6229
What are the prime factors of 282643